{"id":5330,"date":"2025-09-01T14:48:23","date_gmt":"2025-09-01T12:48:23","guid":{"rendered":"https:\/\/rutadelvinovaldeorras.com\/socios\/concello-do-barco-de-valdeorras\/"},"modified":"2025-09-01T14:48:23","modified_gmt":"2025-09-01T12:48:23","slug":"concello-do-barco-de-valdeorras","status":"publish","type":"socios","link":"https:\/\/rutadelvinovaldeorras.com\/gl\/socios\/concello-do-barco-de-valdeorras\/","title":{"rendered":"Concello do Barco de Valdeorras"},"excerpt":{"rendered":"","protected":false},"featured_media":5331,"template":"","localizacion-socio":[21],"categoria-socio":[11],"class_list":["post-5330","socios","type-socios","status-publish","has-post-thumbnail","hentry","localizacion-socio-o-barco-de-valdeorras","categoria-socio-oficina-de-informacion-y-ayuntamientos"],"yoast_head":"<!-- This site is optimized with the Yoast SEO plugin v27.4 - https:\/\/yoast.com\/product\/yoast-seo-wordpress\/ -->\n<title>Concello do Barco de Valdeorras - Ruta del Vino Valdeorras<\/title>\n<meta name=\"robots\" content=\"index, follow, max-snippet:-1, max-image-preview:large, max-video-preview:-1\" \/>\n<link rel=\"canonical\" href=\"https:\/\/rutadelvinovaldeorras.com\/socios\/concello-do-barco-de-valdeorras\/\" \/>\n<meta property=\"og:locale\" content=\"gl_ES\" \/>\n<meta property=\"og:type\" content=\"article\" \/>\n<meta property=\"og:title\" content=\"Concello do Barco de Valdeorras - Ruta del Vino Valdeorras\" \/>\n<meta property=\"og:url\" content=\"https:\/\/rutadelvinovaldeorras.com\/socios\/concello-do-barco-de-valdeorras\/\" \/>\n<meta property=\"og:site_name\" content=\"Ruta del Vino Valdeorras\" \/>\n<meta property=\"article:publisher\" content=\"https:\/\/www.facebook.com\/RutadelVinoValdeorras\/\" \/>\n<meta name=\"twitter:card\" content=\"summary_large_image\" \/>\n<script type=\"application\/ld+json\" class=\"yoast-schema-graph\">{\"@context\":\"https:\\\/\\\/schema.org\",\"@graph\":[{\"@type\":\"WebPage\",\"@id\":\"https:\\\/\\\/rutadelvinovaldeorras.com\\\/socios\\\/concello-do-barco-de-valdeorras\\\/\",\"url\":\"https:\\\/\\\/rutadelvinovaldeorras.com\\\/socios\\\/concello-do-barco-de-valdeorras\\\/\",\"name\":\"Concello do Barco de Valdeorras - Ruta del Vino Valdeorras\",\"isPartOf\":{\"@id\":\"https:\\\/\\\/rutadelvinovaldeorras.com\\\/#website\"},\"primaryImageOfPage\":{\"@id\":\"https:\\\/\\\/rutadelvinovaldeorras.com\\\/socios\\\/concello-do-barco-de-valdeorras\\\/#primaryimage\"},\"image\":{\"@id\":\"https:\\\/\\\/rutadelvinovaldeorras.com\\\/socios\\\/concello-do-barco-de-valdeorras\\\/#primaryimage\"},\"thumbnailUrl\":\"https:\\\/\\\/rutadelvinovaldeorras.com\\\/wp-content\\\/uploads\\\/2025\\\/09\\\/Concello-Barco-de-Valdeorras.webp\",\"datePublished\":\"2025-09-01T12:48:23+00:00\",\"breadcrumb\":{\"@id\":\"https:\\\/\\\/rutadelvinovaldeorras.com\\\/socios\\\/concello-do-barco-de-valdeorras\\\/#breadcrumb\"},\"inLanguage\":\"gl-ES\",\"potentialAction\":[{\"@type\":\"ReadAction\",\"target\":[\"https:\\\/\\\/rutadelvinovaldeorras.com\\\/socios\\\/concello-do-barco-de-valdeorras\\\/\"]}]},{\"@type\":\"ImageObject\",\"inLanguage\":\"gl-ES\",\"@id\":\"https:\\\/\\\/rutadelvinovaldeorras.com\\\/socios\\\/concello-do-barco-de-valdeorras\\\/#primaryimage\",\"url\":\"https:\\\/\\\/rutadelvinovaldeorras.com\\\/wp-content\\\/uploads\\\/2025\\\/09\\\/Concello-Barco-de-Valdeorras.webp\",\"contentUrl\":\"https:\\\/\\\/rutadelvinovaldeorras.com\\\/wp-content\\\/uploads\\\/2025\\\/09\\\/Concello-Barco-de-Valdeorras.webp\",\"width\":1920,\"height\":1080},{\"@type\":\"BreadcrumbList\",\"@id\":\"https:\\\/\\\/rutadelvinovaldeorras.com\\\/socios\\\/concello-do-barco-de-valdeorras\\\/#breadcrumb\",\"itemListElement\":[{\"@type\":\"ListItem\",\"position\":1,\"name\":\"Portada\",\"item\":\"https:\\\/\\\/rutadelvinovaldeorras.com\\\/gl\\\/\"},{\"@type\":\"ListItem\",\"position\":2,\"name\":\"Concello do Barco de Valdeorras\"}]},{\"@type\":\"WebSite\",\"@id\":\"https:\\\/\\\/rutadelvinovaldeorras.com\\\/#website\",\"url\":\"https:\\\/\\\/rutadelvinovaldeorras.com\\\/\",\"name\":\"Ruta del Vino Valdeorras\",\"description\":\"La Ruta del Vino de Valdeorras es un recorrido que nos transporta a trav\u00e9s de la historia y la cultura vin\u00edcola de una de las comarcas m\u00e1s singulares de Galicia.\",\"publisher\":{\"@id\":\"https:\\\/\\\/rutadelvinovaldeorras.com\\\/#organization\"},\"potentialAction\":[{\"@type\":\"SearchAction\",\"target\":{\"@type\":\"EntryPoint\",\"urlTemplate\":\"https:\\\/\\\/rutadelvinovaldeorras.com\\\/?s={search_term_string}\"},\"query-input\":{\"@type\":\"PropertyValueSpecification\",\"valueRequired\":true,\"valueName\":\"search_term_string\"}}],\"inLanguage\":\"gl-ES\"},{\"@type\":\"Organization\",\"@id\":\"https:\\\/\\\/rutadelvinovaldeorras.com\\\/#organization\",\"name\":\"Ruta del Vino Valdeorras\",\"url\":\"https:\\\/\\\/rutadelvinovaldeorras.com\\\/\",\"logo\":{\"@type\":\"ImageObject\",\"inLanguage\":\"gl-ES\",\"@id\":\"https:\\\/\\\/rutadelvinovaldeorras.com\\\/#\\\/schema\\\/logo\\\/image\\\/\",\"url\":\"https:\\\/\\\/rutadelvinovaldeorras.com\\\/wp-content\\\/uploads\\\/2025\\\/06\\\/valdeoras-color.svg\",\"contentUrl\":\"https:\\\/\\\/rutadelvinovaldeorras.com\\\/wp-content\\\/uploads\\\/2025\\\/06\\\/valdeoras-color.svg\",\"width\":884,\"height\":131,\"caption\":\"Ruta del Vino Valdeorras\"},\"image\":{\"@id\":\"https:\\\/\\\/rutadelvinovaldeorras.com\\\/#\\\/schema\\\/logo\\\/image\\\/\"},\"sameAs\":[\"https:\\\/\\\/www.facebook.com\\\/RutadelVinoValdeorras\\\/\",\"https:\\\/\\\/www.instagram.com\\\/ruta_vino_valdeorras\\\/\"]}]}<\/script>\n<!-- \/ Yoast SEO plugin. -->","yoast_head_json":{"title":"Concello do Barco de Valdeorras - Ruta del Vino Valdeorras","robots":{"index":"index","follow":"follow","max-snippet":"max-snippet:-1","max-image-preview":"max-image-preview:large","max-video-preview":"max-video-preview:-1"},"canonical":"https:\/\/rutadelvinovaldeorras.com\/socios\/concello-do-barco-de-valdeorras\/","og_locale":"gl_ES","og_type":"article","og_title":"Concello do Barco de Valdeorras - Ruta del Vino Valdeorras","og_url":"https:\/\/rutadelvinovaldeorras.com\/socios\/concello-do-barco-de-valdeorras\/","og_site_name":"Ruta del Vino Valdeorras","article_publisher":"https:\/\/www.facebook.com\/RutadelVinoValdeorras\/","twitter_card":"summary_large_image","schema":{"@context":"https:\/\/schema.org","@graph":[{"@type":"WebPage","@id":"https:\/\/rutadelvinovaldeorras.com\/socios\/concello-do-barco-de-valdeorras\/","url":"https:\/\/rutadelvinovaldeorras.com\/socios\/concello-do-barco-de-valdeorras\/","name":"Concello do Barco de Valdeorras - Ruta del Vino Valdeorras","isPartOf":{"@id":"https:\/\/rutadelvinovaldeorras.com\/#website"},"primaryImageOfPage":{"@id":"https:\/\/rutadelvinovaldeorras.com\/socios\/concello-do-barco-de-valdeorras\/#primaryimage"},"image":{"@id":"https:\/\/rutadelvinovaldeorras.com\/socios\/concello-do-barco-de-valdeorras\/#primaryimage"},"thumbnailUrl":"https:\/\/rutadelvinovaldeorras.com\/wp-content\/uploads\/2025\/09\/Concello-Barco-de-Valdeorras.webp","datePublished":"2025-09-01T12:48:23+00:00","breadcrumb":{"@id":"https:\/\/rutadelvinovaldeorras.com\/socios\/concello-do-barco-de-valdeorras\/#breadcrumb"},"inLanguage":"gl-ES","potentialAction":[{"@type":"ReadAction","target":["https:\/\/rutadelvinovaldeorras.com\/socios\/concello-do-barco-de-valdeorras\/"]}]},{"@type":"ImageObject","inLanguage":"gl-ES","@id":"https:\/\/rutadelvinovaldeorras.com\/socios\/concello-do-barco-de-valdeorras\/#primaryimage","url":"https:\/\/rutadelvinovaldeorras.com\/wp-content\/uploads\/2025\/09\/Concello-Barco-de-Valdeorras.webp","contentUrl":"https:\/\/rutadelvinovaldeorras.com\/wp-content\/uploads\/2025\/09\/Concello-Barco-de-Valdeorras.webp","width":1920,"height":1080},{"@type":"BreadcrumbList","@id":"https:\/\/rutadelvinovaldeorras.com\/socios\/concello-do-barco-de-valdeorras\/#breadcrumb","itemListElement":[{"@type":"ListItem","position":1,"name":"Portada","item":"https:\/\/rutadelvinovaldeorras.com\/gl\/"},{"@type":"ListItem","position":2,"name":"Concello do Barco de Valdeorras"}]},{"@type":"WebSite","@id":"https:\/\/rutadelvinovaldeorras.com\/#website","url":"https:\/\/rutadelvinovaldeorras.com\/","name":"Ruta del Vino Valdeorras","description":"La Ruta del Vino de Valdeorras es un recorrido que nos transporta a trav\u00e9s de la historia y la cultura vin\u00edcola de una de las comarcas m\u00e1s singulares de Galicia.","publisher":{"@id":"https:\/\/rutadelvinovaldeorras.com\/#organization"},"potentialAction":[{"@type":"SearchAction","target":{"@type":"EntryPoint","urlTemplate":"https:\/\/rutadelvinovaldeorras.com\/?s={search_term_string}"},"query-input":{"@type":"PropertyValueSpecification","valueRequired":true,"valueName":"search_term_string"}}],"inLanguage":"gl-ES"},{"@type":"Organization","@id":"https:\/\/rutadelvinovaldeorras.com\/#organization","name":"Ruta del Vino Valdeorras","url":"https:\/\/rutadelvinovaldeorras.com\/","logo":{"@type":"ImageObject","inLanguage":"gl-ES","@id":"https:\/\/rutadelvinovaldeorras.com\/#\/schema\/logo\/image\/","url":"https:\/\/rutadelvinovaldeorras.com\/wp-content\/uploads\/2025\/06\/valdeoras-color.svg","contentUrl":"https:\/\/rutadelvinovaldeorras.com\/wp-content\/uploads\/2025\/06\/valdeoras-color.svg","width":884,"height":131,"caption":"Ruta del Vino Valdeorras"},"image":{"@id":"https:\/\/rutadelvinovaldeorras.com\/#\/schema\/logo\/image\/"},"sameAs":["https:\/\/www.facebook.com\/RutadelVinoValdeorras\/","https:\/\/www.instagram.com\/ruta_vino_valdeorras\/"]}]}},"_links":{"self":[{"href":"https:\/\/rutadelvinovaldeorras.com\/gl\/wp-json\/wp\/v2\/socios\/5330","targetHints":{"allow":["GET"]}}],"collection":[{"href":"https:\/\/rutadelvinovaldeorras.com\/gl\/wp-json\/wp\/v2\/socios"}],"about":[{"href":"https:\/\/rutadelvinovaldeorras.com\/gl\/wp-json\/wp\/v2\/types\/socios"}],"wp:featuredmedia":[{"embeddable":true,"href":"https:\/\/rutadelvinovaldeorras.com\/gl\/wp-json\/wp\/v2\/media\/5331"}],"wp:attachment":[{"href":"https:\/\/rutadelvinovaldeorras.com\/gl\/wp-json\/wp\/v2\/media?parent=5330"}],"wp:term":[{"taxonomy":"localizacion-socio","embeddable":true,"href":"https:\/\/rutadelvinovaldeorras.com\/gl\/wp-json\/wp\/v2\/localizacion-socio?post=5330"},{"taxonomy":"categoria-socio","embeddable":true,"href":"https:\/\/rutadelvinovaldeorras.com\/gl\/wp-json\/wp\/v2\/categoria-socio?post=5330"}],"curies":[{"name":"wp","href":"https:\/\/api.w.org\/{rel}","templated":true}]}}

<!-- This site is optimized with the Yoast SEO plugin v27.4 - https://yoast.com/product/yoast-seo-wordpress/ -->
<title>Concello do Barco de Valdeorras - Ruta del Vino Valdeorras</title>
<meta name="robots" content="index, follow, max-snippet:-1, max-image-preview:large, max-video-preview:-1" />
<link rel="canonical" href="https://rutadelvinovaldeorras.com/socios/concello-do-barco-de-valdeorras/" />
<meta property="og:locale" content="gl_ES" />
<meta property="og:type" content="article" />
<meta property="og:title" content="Concello do Barco de Valdeorras - Ruta del Vino Valdeorras" />
<meta property="og:url" content="https://rutadelvinovaldeorras.com/socios/concello-do-barco-de-valdeorras/" />
<meta property="og:site_name" content="Ruta del Vino Valdeorras" />
<meta property="article:publisher" content="https://www.facebook.com/RutadelVinoValdeorras/" />
<meta name="twitter:card" content="summary_large_image" />
<script type="application/ld+json" class="yoast-schema-graph">{"@context":"https:\/\/schema.org","@graph":[{"@type":"WebPage","@id":"https:\/\/rutadelvinovaldeorras.com\/socios\/concello-do-barco-de-valdeorras\/","url":"https:\/\/rutadelvinovaldeorras.com\/socios\/concello-do-barco-de-valdeorras\/","name":"Concello do Barco de Valdeorras - Ruta del Vino Valdeorras","isPartOf":{"@id":"https:\/\/rutadelvinovaldeorras.com\/#website"},"primaryImageOfPage":{"@id":"https:\/\/rutadelvinovaldeorras.com\/socios\/concello-do-barco-de-valdeorras\/#primaryimage"},"image":{"@id":"https:\/\/rutadelvinovaldeorras.com\/socios\/concello-do-barco-de-valdeorras\/#primaryimage"},"thumbnailUrl":"https:\/\/rutadelvinovaldeorras.com\/wp-content\/uploads\/2025\/09\/Concello-Barco-de-Valdeorras.webp","datePublished":"2025-09-01T12:48:23+00:00","breadcrumb":{"@id":"https:\/\/rutadelvinovaldeorras.com\/socios\/concello-do-barco-de-valdeorras\/#breadcrumb"},"inLanguage":"gl-ES","potentialAction":[{"@type":"ReadAction","target":["https:\/\/rutadelvinovaldeorras.com\/socios\/concello-do-barco-de-valdeorras\/"]}]},{"@type":"ImageObject","inLanguage":"gl-ES","@id":"https:\/\/rutadelvinovaldeorras.com\/socios\/concello-do-barco-de-valdeorras\/#primaryimage","url":"https:\/\/rutadelvinovaldeorras.com\/wp-content\/uploads\/2025\/09\/Concello-Barco-de-Valdeorras.webp","contentUrl":"https:\/\/rutadelvinovaldeorras.com\/wp-content\/uploads\/2025\/09\/Concello-Barco-de-Valdeorras.webp","width":1920,"height":1080},{"@type":"BreadcrumbList","@id":"https:\/\/rutadelvinovaldeorras.com\/socios\/concello-do-barco-de-valdeorras\/#breadcrumb","itemListElement":[{"@type":"ListItem","position":1,"name":"Portada","item":"https:\/\/rutadelvinovaldeorras.com\/gl\/"},{"@type":"ListItem","position":2,"name":"Concello do Barco de Valdeorras"}]},{"@type":"WebSite","@id":"https:\/\/rutadelvinovaldeorras.com\/#website","url":"https:\/\/rutadelvinovaldeorras.com\/","name":"Ruta del Vino Valdeorras","description":"La Ruta del Vino de Valdeorras es un recorrido que nos transporta a través de la historia y la cultura vinícola de una de las comarcas más singulares de Galicia.","publisher":{"@id":"https:\/\/rutadelvinovaldeorras.com\/#organization"},"potentialAction":[{"@type":"SearchAction","target":{"@type":"EntryPoint","urlTemplate":"https:\/\/rutadelvinovaldeorras.com\/?s={search_term_string}"},"query-input":{"@type":"PropertyValueSpecification","valueRequired":true,"valueName":"search_term_string"}}],"inLanguage":"gl-ES"},{"@type":"Organization","@id":"https:\/\/rutadelvinovaldeorras.com\/#organization","name":"Ruta del Vino Valdeorras","url":"https:\/\/rutadelvinovaldeorras.com\/","logo":{"@type":"ImageObject","inLanguage":"gl-ES","@id":"https:\/\/rutadelvinovaldeorras.com\/#\/schema\/logo\/image\/","url":"https:\/\/rutadelvinovaldeorras.com\/wp-content\/uploads\/2025\/06\/valdeoras-color.svg","contentUrl":"https:\/\/rutadelvinovaldeorras.com\/wp-content\/uploads\/2025\/06\/valdeoras-color.svg","width":884,"height":131,"caption":"Ruta del Vino Valdeorras"},"image":{"@id":"https:\/\/rutadelvinovaldeorras.com\/#\/schema\/logo\/image\/"},"sameAs":["https:\/\/www.facebook.com\/RutadelVinoValdeorras\/","https:\/\/www.instagram.com\/ruta_vino_valdeorras\/"]}]}</script>
<!-- / Yoast SEO plugin. -->

La Ruta del Vino de Valdeorras es un recorrido que nos transporta a través de la historia y la cultura vinícola de una de las comarcas más singulares de Galicia.
